
{"id":43,"date":"2018-10-02T15:27:24","date_gmt":"2018-10-02T15:27:24","guid":{"rendered":"http:\/\/www.sousaesantos.pt\/sousaesantos\/smart\/?page_id=43"},"modified":"2018-10-04T09:46:06","modified_gmt":"2018-10-04T09:46:06","slug":"horario","status":"publish","type":"page","link":"https:\/\/www.sousaesantos.pt\/smart\/horario\/","title":{"rendered":"Hor\u00e1rio"},"content":{"rendered":"<p>Recep\u00e7\u00e3o e Oficina:<\/p>\n<p>De Segunda a Sexta-Feira das 08h00m \u00e0s 18h00m<\/p>\n<p>e aos S\u00e1bados das 08h00m \u00e0s 13h00m<\/p>\n<p>&nbsp;<\/p>\n<p>Pe\u00e7as e Acess\u00f3rios:<\/p>\n<p>De Segunda a Sexta-Feira das 09h00m \u00e0s 17h00m<\/p>\n<p>e aos S\u00e1bados das 09h00m \u00e0s 13h00m<\/p>\n<p>&nbsp;<\/p>\n<p>Vendas Usados:<\/p>\n<p>De Segunda a Sexta-Feira das 09h00m \u00e0s 19h00m<\/p>\n<p>e aos S\u00e1bados das 09h00m \u00e0s 13h00m<\/p>\n<p>&nbsp;<\/p>\n","protected":false},"excerpt":{"rendered":"<p>Recep\u00e7\u00e3o e Oficina: De Segunda a Sexta-Feira das 08h00m \u00e0s 18h00m e aos S\u00e1bados das 08h00m \u00e0s 13h00m &nbsp; Pe\u00e7as e Acess\u00f3rios: De Segunda a Sexta-Feira das 09h00m \u00e0s 17h00m e aos S\u00e1bados das 09h00m \u00e0s 13h00m &nbsp; Vendas Usados: De Segunda a Sexta-Feira das 09h00m \u00e0s 19h00m e aos S\u00e1bados das 09h00m \u00e0s 13h00m&#8230;<\/p>\n","protected":false},"author":1,"featured_media":72,"parent":0,"menu_order":0,"comment_status":"closed","ping_status":"closed","template":"","meta":{"footnotes":""},"class_list":["post-43","page","type-page","status-publish","has-post-thumbnail","hentry"],"_links":{"self":[{"href":"https:\/\/www.sousaesantos.pt\/smart\/wp-json\/wp\/v2\/pages\/43","targetHints":{"allow":["GET"]}}],"collection":[{"href":"https:\/\/www.sousaesantos.pt\/smart\/wp-json\/wp\/v2\/pages"}],"about":[{"href":"https:\/\/www.sousaesantos.pt\/smart\/wp-json\/wp\/v2\/types\/page"}],"author":[{"embeddable":true,"href":"https:\/\/www.sousaesantos.pt\/smart\/wp-json\/wp\/v2\/users\/1"}],"replies":[{"embeddable":true,"href":"https:\/\/www.sousaesantos.pt\/smart\/wp-json\/wp\/v2\/comments?post=43"}],"version-history":[{"count":3,"href":"https:\/\/www.sousaesantos.pt\/smart\/wp-json\/wp\/v2\/pages\/43\/revisions"}],"predecessor-version":[{"id":69,"href":"https:\/\/www.sousaesantos.pt\/smart\/wp-json\/wp\/v2\/pages\/43\/revisions\/69"}],"wp:featuredmedia":[{"embeddable":true,"href":"https:\/\/www.sousaesantos.pt\/smart\/wp-json\/wp\/v2\/media\/72"}],"wp:attachment":[{"href":"https:\/\/www.sousaesantos.pt\/smart\/wp-json\/wp\/v2\/media?parent=43"}],"curies":[{"name":"wp","href":"https:\/\/api.w.org\/{rel}","templated":true}]}}