
{"id":24,"date":"2018-10-02T15:02:35","date_gmt":"2018-10-02T15:02:35","guid":{"rendered":"http:\/\/www.sousaesantos.pt\/sousaesantos\/smart\/?page_id=24"},"modified":"2018-10-04T09:54:17","modified_gmt":"2018-10-04T09:54:17","slug":"pecas-smart","status":"publish","type":"page","link":"https:\/\/www.sousaesantos.pt\/smart\/pecas-smart\/","title":{"rendered":"Pe\u00e7as Smart"},"content":{"rendered":"<h2>Pe\u00e7as Originais Smart<\/h2>\n<p>O primeiro dia passado ao volante do teu novo smart \u00e9 igual a todos os que se lhe seguem: simplesmente inesquec\u00edvel.<\/p>\n<p>Pois, independentemente de pedires que te enviem as pe\u00e7as originais para casa ou de passares na nossa oficina smart, podes confiar na habitual qualidade smart .<\/p>\n<p>Comprovadas em variad\u00edssimos aspetos e testadas em mat\u00e9ria de seguran\u00e7a, as pe\u00e7as originais garantem uma vida longa e, acima de tudo, o prazer de conduzires o teu smart, quil\u00f3metro ap\u00f3s quil\u00f3metro.<\/p>\n<p>Se precisares de mais informa\u00e7\u00f5es sobre pe\u00e7as originais entra em contato connosco <a href=\"https:\/\/www.sousaesantos.pt\/smart\/contatos\/\">aqui<\/a><\/p>\n","protected":false},"excerpt":{"rendered":"<p>Pe\u00e7as Originais Smart O primeiro dia passado ao volante do teu novo smart \u00e9 igual a todos os que se lhe seguem: simplesmente inesquec\u00edvel. Pois, independentemente de pedires que te enviem as pe\u00e7as originais para casa ou de passares na nossa oficina smart, podes confiar na habitual qualidade smart . Comprovadas em variad\u00edssimos aspetos e&#8230;<\/p>\n","protected":false},"author":1,"featured_media":75,"parent":0,"menu_order":0,"comment_status":"closed","ping_status":"closed","template":"","meta":{"footnotes":""},"class_list":["post-24","page","type-page","status-publish","has-post-thumbnail","hentry"],"_links":{"self":[{"href":"https:\/\/www.sousaesantos.pt\/smart\/wp-json\/wp\/v2\/pages\/24","targetHints":{"allow":["GET"]}}],"collection":[{"href":"https:\/\/www.sousaesantos.pt\/smart\/wp-json\/wp\/v2\/pages"}],"about":[{"href":"https:\/\/www.sousaesantos.pt\/smart\/wp-json\/wp\/v2\/types\/page"}],"author":[{"embeddable":true,"href":"https:\/\/www.sousaesantos.pt\/smart\/wp-json\/wp\/v2\/users\/1"}],"replies":[{"embeddable":true,"href":"https:\/\/www.sousaesantos.pt\/smart\/wp-json\/wp\/v2\/comments?post=24"}],"version-history":[{"count":4,"href":"https:\/\/www.sousaesantos.pt\/smart\/wp-json\/wp\/v2\/pages\/24\/revisions"}],"predecessor-version":[{"id":77,"href":"https:\/\/www.sousaesantos.pt\/smart\/wp-json\/wp\/v2\/pages\/24\/revisions\/77"}],"wp:featuredmedia":[{"embeddable":true,"href":"https:\/\/www.sousaesantos.pt\/smart\/wp-json\/wp\/v2\/media\/75"}],"wp:attachment":[{"href":"https:\/\/www.sousaesantos.pt\/smart\/wp-json\/wp\/v2\/media?parent=24"}],"curies":[{"name":"wp","href":"https:\/\/api.w.org\/{rel}","templated":true}]}}